e prime factors of z(1).
3, 11
Let t = 32 + -32. Suppose 0 = -r + 5, 2*h + 2*h - 2*r - 226 = t. Suppose -411 = -5*y + h. What are the prime factors of y?
2, 47
Let c(f) = 21*f**2 + 20*f - 23. Let m be c(-13). Suppose 0 = 7*i - m - 3342. List the prime factors of i.
2, 59
Suppose -2*g + 15782 = -3*x, 133*x = -2*g + 132*x + 15790. What are the prime factors of g?
2, 3947
Let k = 11 + 2. Suppose -3*b - k = -2*n, 0 = -4*b - b - 15. Suppose 0 = 4*g - w - 189, 11 = 3*w + n. What are the prime factors of g?
2, 3
Suppose x + 3 = 0, 5*c + 4*x - 1927 + 359 = 0. Suppose -8050 = -323*s + c*s. List the prime factors of s.
2, 5, 23
Let j(z) = 24*z**2 + 3*z - 1. Let s be j(2). Suppose -s = 2*g + 13. Let n = 118 + g. What are the prime factors of n?
61
Suppose 7*o - 130 + 53 = 0. List the prime factors of 478 - (2/o)/((-4)/(-44)).
2, 7, 17
Let t = 847 - 845. Suppose 0 = -5*g + t*h + 6796, -4*g - 8*h + 5446 = -5*h. What are the prime factors of g?
2, 5, 17
Suppose 0 = -74*h + 107528 + 471596. List the prime factors of h.
2, 7, 13, 43
Let y be 5/(25/(-80))*-1. Let o be (-16 + 0)/(-18 + y). List the prime factors of -1 - (o/(-4) - 106).
107
Let h be 10 + 2/(-2)*7. Suppose 6*c + 2*b = 3*c + 1213, h = -3*b. List the prime factors of c.
3, 5
Let o = 66 + -72. Let z be -2*-1*o/(-4). Suppose 2*y = 2*u - 108, -5*u + 282 = y - z*y. What are the prime factors of u?
2, 29
Suppose 6*p = -8*p. Suppose 9*f - 20*f + 16588 = p. What are the prime factors of f?
2, 13, 29
Let g(q) = -13*q**3 - 15*q**2 + 5*q - 38. Let t(u) = -28*u**3 - 29*u**2 + 11*u - 75. Let w(l) = -13*g(l) + 6*t(l). List the prime factors of w(-21).
23
What are the prime factors of (9485 - 10) + 9 + -4 + 0 + 2?
2, 11, 431
Let i = -186 - -191. What are the prime factors of (-370)/(-111)*1452/i?
2, 11
Suppose 3*t + 3*r = 65352, 21787 = t - 8*r + 10*r. What are the prime factors of t?
23, 947
Let n(w) = w**3 + 4*w**2 + 5*w + 6. Let x be n(-3). Suppose -8*a + 4*a + 1288 = x. What are the prime factors of a?
2, 7, 23
Suppose 0 = 6*b - 7 - 65. Suppose b*a = 3194 - 974. List the prime factors of a.
5, 37
Suppose -4*q = -62 - 30. Suppose -q*v = -10*v - 4992. What are the prime factors of v?
2, 3
Suppose -4*w + 4712 = 38*d - 39*d, 0 = -2*d. List the prime factors of w.
2, 19, 31
Let t(m) = m**3 + 15*m**2 + 14*m - 1. Let c be t(-14). Let j(x) = 108*x**2 + 2*x + 3. Let g be j(c). Let f = g - 62. List the prime factors of f.
47
Let n = -29578 + 55961. List the prime factors of n.
7, 3769
Let m be (-7)/3 + (-1)/(-3). Let l(u) = u**2 + 104*u - 1784. Let z be l(15). What are the prime factors of 21*(3/m)/(z/(-6))?
3, 7
Let v(j) = j**3 + j**2 + 5*j - 5. Let u be v(1). Suppose -5*l = 4*f - 1746, 3*l + 2*l = -u*f + 868. List the prime factors of f.
439
Let k(f) = -2*f**3 - 15*f**2 - 5*f + 24. Let n be k(-8). Suppose -126*v - 918 = -n*v. List the prime factors of v.
3, 17
Let h be (-2)/(-9) + (-300)/(-108). Suppose -3*c - 3*o = 303, -h*o + 2*o - 205 = 2*c. Let n = 157 + c. What are the prime factors of n?
53
Suppose 0*u + u = -4*t + 27, -3*u - 3*t + 36 = 0. Let s(o) = o**3 - 5*o**2 - 7*o - 8. Let h be s(u). Suppose -h*z - 298 = -43*z. List the prime factors of z.
149
Suppose -109*k + 1348 = i - 114*k, -3*k - 5477 = -4*i. Let m = -524 + i. List the prime factors of m.
3, 283
Suppose 298954 = 9*p - 14057. What are the prime factors of p?
3, 11593
Let r(m) = m**3 - 7*m**2 + 6*m + 5. Let z be r(6). Suppose -z*h - p = -481, -3*h = -4*p - 119 - 165. List the prime factors of h.
2, 3
Let b be -1 + (-6 - (-6)/1). What are the prime factors of (-775)/b + 5/(2 - -3)?
2, 97
Let t(m) = -7*m + 36. Let f be t(-14). Suppose 17*l - 16*l = f. What are the prime factors of l?
2, 67
Suppose -332*o = -327*o - 2590. Let f = o + 31. List the prime factors of f.
3, 61
Let y(f) = -f + 8. Let p be y(6). Let n be (5/2)/(5/p + -2). Suppose -166 = -4*g - 2*b, -1 = g + n*b - 56. List the prime factors of g.
2, 5
Let r(u) = -u**2 - 12*u - 18. Let n be r(-12). Let w be 10/36*98 + 4/n. Suppose -3*c = -g + w, -3*c + 5*c + 6 = 0. What are the prime factors of g?
2, 3
Let n(b) = -b**3 - 7*b**2 + 10*b - 88. What are the prime factors of n(-17)?
2, 7, 47
Suppose 715104 = 23*u + 29*u. List the prime factors of -1*u/(-1 - 8).
2, 191
Let x be -2 + 67*(-5)/10*-6. Let q = 351 - x. List the prime factors of q.
2, 19
Suppose -w - 8 = -3*n, n - 3 = 5*w + 9. What are the prime factors of (-278)/((-12)/15*(-5)/w)?
139
Let n be (-3 - -2) + (-1548)/(-172). Let m(u) = u**3 - 10*u**2 - 4*u + 7. Let t(b) = b**2 - b. Let w(r) = m(r) + 3*t(r). List the prime factors of w(n).
3, 5
Let g = -58 + 62. Suppose 3 = 3*z - g*z - 3*y, 5*y = z + 27. List the prime factors of 74 + (-8)/z + 1/3.
3, 5
Suppose -3 = 3*q - c - 7, -4*q + 27 = 3*c. Suppose q*u = 5*u + 248. Let w = -72 - u. What are the prime factors of w?
2, 13
Let s be -10 + 1835 - (-6)/(-4)*2. Suppose s = -17*j + 21491. List the prime factors of j.
13, 89
Suppose -5*i + 15 = 0, -4*h - 3*i - 23 = -84. Suppose h*m + 576 = 17*m. List the prime factors of m.
2, 3
Let z(v) = -v**3 + 3*v**2 - 2*v + 7. Let j be z(0). List the prime factors of 0 + (j + 104 - 0).
3, 37
List the prime factors of (-4)/10*(-2482400)/40.
2, 29, 107
Suppose -4*t + 2*f - f = -383, -t + f = -95. Suppose -t = -5*w + 4*w. Let l = 134 - w. List the prime factors of l.
2, 19
Let o be 32/(-6)*(-6)/4. Let j(l) be the first derivative of l**3/3 - 2*l**2 + 12*l - 7. List the prime factors of j(o).
2, 11
Let t(i) = i**3 - 11*i**2 - 11*i + 8. Let b be t(12). Suppose 0 = b*a - 22*a + 664. What are the prime factors of a?
2, 83
Let y(a) = a**2 - 5*a + 6. Let i be y(4). Suppose -3*q + 5*w + 45 = i*q, -4*q + 30 = -2*w. Suppose -3*d - q*d + 252 = 0. What are the prime factors of d?
2, 7
Let v = -23 - -43. Let t = v - 59. Let a = t - -103. List the prime factors of a.
2
Let h(k) = k**2 - 2*k + 3. Let z be h(3). Let w = -1 + z. Suppose 2*f - 2*r = -4*r + 290, -5*r + w = 0. List the prime factors of f.
2, 3
Let u = 6878 - 1694. What are the prime factors of u?
2, 3
Suppose -306048 - 27402 = -19*j - 34257. List the prime factors of j.
3, 29, 181
Let q(n) = -23*n - 88. Let b be q(-4). Suppose 5908 = 4*i + i - j, b*i - 4733 = 3*j. What are the prime factors of i?
1181
Suppose -50*l = -47*l - 897. Suppose -l = -5*u + 4*u. List the prime factors of u.
13, 23
Let i = -36 + 41. Suppose 3*y = 5*d - 1 + 2, d - 11 = -i*y. Suppose 4*u = -y*u + 18. What are the prime factors of u?
3
Suppose -5*m - 6*m + 33 = 0. Suppose 11 = v + 23. List the prime factors of m*146*(-4)/v.
2, 73
Let s = 4791 - 1250. List the prime factors of s.
3541
Suppose -208*u + 1311164 = -27*u. List the prime factors of u.
2, 1811
Let k(p) = 32*p**2 + 50*p - 41. Let g be k(-12). Suppose -105 - g = -8*t. List the prime factors of t.
509
Let n = 3599 + -5751. Let b = n - -3101. List the prime factors of b.
13, 73
Let i = 106 + -149. Let u be 1*(-2 - i)*-1. What are the prime factors of (-8)/(1 + 1)*(u - 23)?
2
Let m be (-2 - 16/(-8))/2. What are the prime factors of -16 + 1333 - (4 - (2 + m))?
5, 263
Let j = 29 - 38. What are the prime factors of j - (-479)/2 - (-6)/4?
2, 29
What are the prime factors of 4 + (-24)/5 + (-33534)/(-30)?
1117
Suppose 2*n - 132 - 4 = 0. Suppose -4*s + 4 = -n. What are the prime factors of 379/3 + 12/s?
127
Let w(m) = -m**2 + 423*m - 396*m + m**3 + 5*m**3 + 9. List the prime factors of w(5).
11, 79
Let u(b) = -9*b**2 + 12*b + 28. Let h(i) = 5*i**2 - 9*i - 14. Let o(d) = 7*h(d) + 4*u(d). Let j be 3/(-6) + 25/(-2). List the prime factors of o(j).
2, 5
Let v(a) = 3*a**2 - a. Let q(f) = -2*f**2 - 9*f + 14. Let h(x) = q(x) + v(x). Let r be 2*((-150)/4)/(-5). List the prime factors of h(r).
89
Let s(f) = -10*f + 63. Let r be s(6). What are the prime factors of 112 + r + -6 + 0?
109
Suppose 3*u + g - 5 = 0, 2*u - 3*g = 7 + 11. Let a(d) = d**3 - d**2 - d - 3. What are the prime factors of a(u)?
2, 3
List the prime factors of 33060/1 + (-37)/(-37).
7, 4723
Let p(h) = 3*h - 4. Let t be p(7). Suppose -t*n = -10*n - 14. Suppose -4*i + 122 = n*s, 2*s + 5 = s. List the prime factors of i.
3, 11
Suppose 61371 = 3*w - 3*y, w - 30*y - 20447 = -31*y. What are the prime factors of w?
2, 5113
Suppose -29*d + 99 - 12 = 0. Suppose 4*m = -3*g + 1432, d*g + m - 1430 = -4*m. What are the prime factors of g?
2, 3, 5
